ctors of 65880?
2, 3, 5, 61
What are the prime factors of 33?
3, 11
What are the prime factors of 282?
2, 3, 47
List the prime factors of 8977.
47, 191
List the prime factors of 241.
241
What are the prime factors of 28512?
2, 3, 11
List the prime factors of 63550.
2, 5, 31, 41
List the prime factors of 42686.
2, 7, 3049
List the prime factors of 11590.
2, 5, 19, 61
List the prime factors of 12621.
3, 7, 601
What are the prime factors of 88104?
2, 3, 3671
List the prime factors of 36453.
3, 29, 419
What are the prime factors of 2455?
5, 491
List the prime factors of 7884.
2, 3, 73
What are the prime factors of 837?
3, 31
What are the prime factors of 4224?
2, 3, 11
What are the prime factors of 9599?
29, 331
What are the prime factors of 15819?
3, 5273
What are the prime factors of 3883?
11, 353
What are the prime factors of 6487?
13, 499
List the prime factors of 214.
2, 107
What are the prime factors of 6161?
61, 101
List the prime factors of 945.
3, 5, 7
List the prime factors of 97330.
2, 5, 9733
List the prime factors of 36901.
36901
List the prime factors of 18217.
18217
List the prime factors of 159473.
159473
What are the prime factors of 43121?
13, 31, 107
List the prime factors of 994.
2, 7, 71
What are the prime factors of 934?
2, 467
List the prime factors of 17900.
2, 5, 179
What are the prime factors of 31653?
3, 3517
List the prime factors of 2511.
3, 31
What are the prime factors of 48827?
157, 311
List the prime factors of 1489.
1489
What are the prime factors of 36429?
3, 12143
List the prime factors of 2666.
2, 31, 43
What are the prime factors of 74130?
2, 3, 5, 7, 353
List the prime factors of 2695.
5, 7, 11
What are the prime factors of 32?
2
List the prime factors of 34022.
2, 17011
What are the prime factors of 1042?
2, 521
List the prime factors of 25080.
2, 3, 5, 11, 19
What are the prime factors of 8471?
43, 197
What are the prime factors of 1748?
2, 19, 23
What are the prime factors of 458?
2, 229
What are the prime factors of 1363?
29, 47
List the prime factors of 1007.
19, 53
What are the prime factors of 49216?
2, 769
What are the prime factors of 2665?
5, 13, 41
List the prime factors of 310.
2, 5, 31
What are the prime factors of 440?
2, 5, 11
What are the prime factors of 9264?
2, 3, 193
What are the prime factors of 174?
2, 3, 29
What are the prime factors of 235?
5, 47
List the prime factors of 55029.
3, 13, 17, 83
What are the prime factors of 24922?
2, 17, 733
What are the prime factors of 1279?
1279
List the prime factors of 3113.
11, 283
List the prime factors of 23685.
3, 5, 1579
List the prime factors of 2248.
2, 281
List the prime factors of 1953.
3, 7, 31
List the prime factors of 1116.
2, 3, 31
What are the prime factors of 1816?
2, 227
List the prime factors of 1497.
3, 499
What are the prime factors of 153240?
2, 3, 5, 1277
List the prime factors of 2368.
2, 37
List the prime factors of 20594.
2, 7, 1471
List the prime factors of 696.
2, 3, 29
List the prime factors of 10902.
2, 3, 23, 79
List the prime factors of 166817.
7, 23831
What are the prime factors of 4670?
2, 5, 467
List the prime factors of 9089.
61, 149
List the prime factors of 43833.
3, 19, 769
What are the prime factors of 52553?
52553
What are the prime factors of 2946?
2, 3, 491
List the prime factors of 21417.
3, 11, 59
What are the prime factors of 24433?
53, 461
What are the prime factors of 9852?
2, 3, 821
What are the prime factors of 23872?
2, 373
List the prime factors of 33724.
2, 8431
List the prime factors of 80.
2, 5
List the prime factors of 2723.
7, 389
List the prime factors of 20259.
3, 2251
List the prime factors of 216.
2, 3
List the prime factors of 44150.
2, 5, 883
What are the prime factors of 5445?
3, 5, 11
What are the prime factors of 5701?
5701
What are the prime factors of 7?
7
What are the prime factors of 393?
3, 131
What are the prime factors of 223?
223
List the prime factors of 1596.
2, 3, 7, 19
List the prime factors of 23270.
2, 5, 13, 179
List the prime factors of 14728.
2, 7, 263
What are the prime factors of 169013?
13, 13001
What are the prime factors of 1584?
2, 3, 11
List the prime factors of 3569.
43, 83
List the prime factors of 14561.
14561
List the prime factors of 129274.
2, 109, 593
What are the prime factors of 104293?
7, 47, 317
What are the prime factors of 1757?
7, 251
What are the prime factors of 11489?
11489
What are the prime factors of 1783?
1783
What are the prime factors of 2213?
2213
List the prime factors of 42206.
2, 47, 449
List the prime factors of 27723.
3, 9241
What are the prime factors of 6557?
79, 83
What are the prime factors of 31974?
2, 3, 73
What are the prime factors of 4023?
3, 149
List the prime factors of 45251.
37, 1223
List the prime factors of 59541.
3, 89, 223
What are the prime factors of 105327?
3, 47, 83
List the prime factors of 64.
2
List the prime factors of 106744.
2, 11, 1213
What are the prime factors of 11066?
2, 11, 503
What are the prime factors of 2128?
2, 7, 19
List the prime factors of 3247.
17, 191
List the prime factors of 16165.
5, 53, 61
What are the prime factors of 56785?
5, 41, 277
What are the prime factors of 1708?
2, 7, 61
What are the prime factors of 2069?
2069
What are the prime factors of 2304?
2, 3
List the prime factors of 51454.
2, 13, 1979
List the prime factors of 11590.
2, 5, 19, 61
What are the prime factors of 22903?
37, 619
What are the prime factors of 102740?
2, 5, 11, 467
List the prime factors of 149.
149
What are the prime factors of 23787?
3, 881
List the prime factors of 12814.
2, 43, 149
List the prime factors of 59407.
59407
What are the prime factors of 4827?
3, 1609
List the prime factors of 6371.
23, 277
What are the prime factors of 9652?
2, 19, 127
What are the prime factors of 1000?
2, 5
List the prime factors of 1767.
3, 19, 31
What are the prime factors of 77309?
97, 797
List the prime factors of 1429.
1429
What are the prime factors of 6878?
2, 19, 181
What are the prime factors of 2388?
2, 3, 199
List the prime factors of 380.
2, 5, 19
What are the prime factors of 2523?
3, 29
List the prime factors of 2071.
19, 109
List the prime factors of 476.
2, 7, 17
List the prime factors of 507.
3, 13
What are the prime factors of 90065?
5, 18013
What are the prime factors of 88469?
88469
List the prime factors of 60352.
2, 23, 41
List the prime factors of 19873.
7, 17, 167
What are the prime factors of 10769?
11, 89
List the prime factors of 1762.
2, 881
List the prime factors of 5590.
2, 5, 13, 43
What are the prime factors of 33150?
2, 3, 5, 13, 17
List the prime factors of 14849.
31, 479
What are the prime factors of 314?
2, 157
List the prime factors of 1416.
2, 3, 59
What are the prime factors of 2165?
5, 433
List the prime factors of 2813.
29, 97
List the prime factors of 10616.
2, 1327
List the prime factors of 46786.
2, 149, 157
What are the prime factors of 156?
2, 3, 13
What are the prime factors of 531?
3, 59
List the prime factors of 5854.
2, 2927
List the prime factors of 1516.
2, 379
What are the prime factors of 562?
2, 281
What are the prime factors of 3893?
17, 229
List the prime factors of 8493.
3, 19, 149
List the prime factors of 68439.
3, 7, 3259
List the prime factors of 6208.
2, 97
List the prime factors of 4104.
2, 3, 19
What are the prime factors of 60192?
2, 3, 11, 19
List the prime factors of 59923.
31, 1933
What are the prime factors of 36365?
5, 7, 1039
What are the prime factors of 15357?
3, 5119
List the prime factors of 1835.
5, 367
List the prime factors of 1106.
2, 7, 79
List the prime factors of 28827.
3, 3203
List the prime factors of 53342.
2, 149, 179
What are the prime factors of 14036?
2, 11, 29
What are the prime factors of 10142?
2, 11, 461
What are the prime factors of 1087?
1087
List the prime factors of 630.
2, 3, 5, 7
What are the prime factors of 2512?
2, 157
What are the prime factors of 3180?
2, 3, 5, 53
List the prime factors of 6271.
6271
List the prime factors of 7932.
2, 3, 661
List the prime factors of 11672.
2, 1459
List the prime factors of 2124.
2, 3, 59
What are the prime factors of 13098?
2, 3, 37, 59
What are the prime factors of 1242?
2, 3, 23
What are the prime factors of 64508?
2, 16127
List the prime factors of 1705.
5, 11, 31
List the prim